Let c be ((-14)/(-8))/((-1)/(-84)). What is the highest common factor of c and p?
21
Let c(j) = j**3 + 7*j**2 + 6*j + 3. Let n = 2 - 8. Let k be c(n). Let b = 11 - k. What is the greatest common factor of b and 20?
4
Let g be 12/8*4*16. Suppose -7*s = -3*s - g. What is the greatest common divisor of s and 8?
8
Suppose -3*a - 5*c = -41, 4*a - 6*a + 29 = 5*c. Suppose -2*n - n + 6 = s, a = 3*s + 3*n. Calculate the highest common divisor of 33 and s.
3
Suppose 10*m - 18*m + 32 = 0. Suppose 5*w + 175 = 2*v - 82, w = 2*v - 237. Let d be v/14 + (-2)/7. Calculate the highest common divisor of m and d.
4
Suppose 2*k - 95 = -3. What is the highest common factor of 23 and k?
23
Suppose -2*a - 18 = -5*l - 0*a, 0 = -3*l - 2*a - 2. Suppose 5*w + b = 182, 5*w - l*w + 4*b = 116. What is the greatest common divisor of w and 4?
4
Let i(d) = d**3 - d**2 + d. Let s be i(-2). Let r = -9 - s. Suppose 3*g - 4*u = -3*u + 236, 0 = g - r*u - 60. Calculate the highest common divisor of 10 and g.
10
Let t = 6 - -39. Suppose t = 6*l - l. Calculate the greatest common divisor of l and 72.
9
Let w(t) = 0*t + 6 - 10 - 8*t. Let l be w(-4). What is the highest common factor of l and 14?
14
Let a be (108/42)/((-2)/14). Let m = 93 + a. What is the greatest common divisor of m and 30?
15
Let b(l) = -97*l - 1. Let x be b(-1). Suppose -4*a = -9*a + 15. Suppose -a*w = -0*w - 36. Calculate the greatest common factor of w and x.
12
Suppose 313 + 67 = 4*w + 4*z, -16 = 4*z. Suppose 2*x + x - 3*p - 21 = 0, 5*x - 2*p - 47 = 0. Calculate the greatest common divisor of x and w.
11
Let i be (-4 + 27)*(0 - -1). Suppose f + g + 2 = 0, -f + i = -3*g - g. Suppose 5 = 3*s - 4. Calculate the highest common factor of s and f.
3
Suppose -120 = -6*i + i. Suppose 0 = -0*j - j + 36. Calculate the greatest common factor of i and j.
12
Let w be (141/(-12))/(1/(-4)). Let m = 83 - w. What is the greatest common factor of 90 and m?
18
Let z = -20 + 11. Suppose d - 5*u = 4*d - 39, 0 = 5*d - 2*u - 65. Let s = d + z. Calculate the greatest common divisor of s and 12.
4
Suppose -23*l + 22*l + 56 = 0. Suppose 0 = -5*d + 3*r + 32, 3*d - 12 = d + 2*r. What is the highest common factor of l and d?
7
Let i(u) = u**3 + 44. Let j be i(0). What is the highest common divisor of 22 and j?
22
Suppose 5*b - 90 = 5*r, 0 = b - 5*b + 5*r + 74. Suppose -k = 4*k - 40. What is the greatest common divisor of k and b?
8
Suppose q = 243 - 90. Calculate the highest common factor of 17 and q.
17
Suppose -u + 2*o = -5*u + 228, 0 = 4*u + 4*o - 236. Calculate the highest common divisor of 5 and u.
5
Suppose -k + 119 = 4*x + 23, k - 56 = 4*x. What is the greatest common factor of 19 and k?
19
Let x(c) = -5*c - 10. Let j be x(-9). Let s be (-10)/j - (-170)/7. Let d be ((-8)/(-2))/(1/6). Calculate the highest common divisor of s and d.
24
Let u(s) = 3*s + 2. Let k be u(5). Let l be 1449/42 - (-2)/(-4). Calculate the highest common divisor of l and k.
17
Let r(s) = -7*s - 5. Let w be r(-7). Let q = 21 + -10. Calculate the greatest common divisor of q and w.
11
Suppose 0 = -w + 6 + 1. Suppose 3*k - w = 23. Let p be 39 - (0 - (-1 + 2)). What is the highest common divisor of p and k?
10
Suppose 132 = 6*y - 144. What is the highest common divisor of 23 and y?
23
Let z = -2 + 44. Calculate the highest common factor of 70 and z.
14
Let y(r) be the first derivative of 7*r**2/2 + 5*r - 2. Let i be y(7). Calculate the greatest common divisor of 6 and i.
6
Suppose 55 = 4*x + 11. Suppose -3*z + 213 = -84. Calculate the greatest common divisor of z and x.
11
Let f(o) be the second derivative of o**5/20 - 7*o**4/12 - 5*o**3/6 - 2*o. Let k be f(8). What is the greatest common factor of 8 and k?
8
Let n be (-21)/(-2) - (-9)/6. What is the highest common divisor of n and 3?
3
Let f be 3 - (4 + 2) - -15. Calculate the greatest common factor of 36 and f.
12
Let t(y) = -y**3 + 6*y**2 - y - 3. Let a be t(5). Let i be a + ((-1)/1 - 0). Calculate the highest common factor of i and 40.
8
Suppose 0 = -t - 5*k + 16, -5*t + 5*k + 11 = -9. Let c = t + -4. What is the greatest common divisor of c and 1?
1
Let j be (-6)/(-2) - (-10 - -1). Suppose -6*p + 5*p + j = 0. Calculate the greatest common divisor of p and 30.
6
Let j be 3 - 1 - (-133 + -5). Calculate the greatest common factor of 14 and j.
14
Let f be (34 - -3 - 4) + 0. What is the greatest common factor of f and 55?
11
Let s be 1/4 - 213/(-12). Let u be (2/4)/(3/s). Calculate the greatest common factor of 6 and u.
3
Let t = 1 + 9. Suppose -c = 4*k + 69, -3 = 3*c - 3*k + 189. Let p = -25 - c. Calculate the greatest common factor of p and t.
10
Suppose -53 = -5*i + 4*x, 0*x - 5*x + 15 = 0. Let d be 3/6 + i/2. Calculate the highest common factor of 7 and d.
7
Let q(j) = j**2 + j + 2. Let r be q(2). What is the highest common divisor of r and 1?
1
Let r = 25 - 19. Calculate the highest common divisor of r and 30.
6
Let z = -21 + 33. Suppose 4*m - 2*m - z = 0. Suppose 5*o + 175 - 11 = 3*r, 20 = -5*o. Calculate the highest common divisor of r and m.
6
Let m = -15 - -17. Let r = m + 11. What is the highest common divisor of 13 and r?
13
Suppose 7*y = 19 + 23. Suppose 0 = b + 5, -2*l - l + 25 = b. Let f = l - y. Calculate the highest common divisor of 8 and f.
4
Let a = 61 + -126. Let i be 10/a - (-41)/13. What is the greatest common divisor of i and 24?
3
Let q(b) = 7*b**2 - b - 1. Let j be q(-1). Suppose -j = -5*f + 3. Let i be (3 - 4/f) + 43. Calculate the highest common factor of 11 and i.
11
Let v(t) = 53*t**3 + t**2 + t - 1. Let p be v(1). Suppose -4*g + 8 = -0*g. Suppose 5*s - z - 21 = g*z, -2*z = -s. What is the highest common divisor of p and s?
6
Let x = -13 + 11. Let t be (x/(-3))/(2/3). Calculate the highest common divisor of t and 7.
1
Suppose 0 = -d + 2*d - 5. Let u(y) = -y**3 + 2*y + 20. Let l be u(0). What is the highest common factor of l and d?
5
Let f = -4 - -3. Let l = -3 - f. Let p be (-2)/(l*(-2)/(-48)). Calculate the highest common divisor of p and 3.
3
Let a be -2*8/10*(-30)/12. Calculate the highest common factor of a and 20.
4
Let c be (-3)/(-3) + 104 + 0. Calculate the greatest common factor of c and 15.
15
Suppose 2*o + 20 = -2*o + 4*l, 0 = -4*o + l - 8. Let m be 3 + (-1 - 2/o). Calculate the greatest common factor of 6 and m.
2
Suppose -5*h - 2*q = -91, 3*h + 2*q - 57 = -0*q. What is the greatest common divisor of h and 68?
17
Let l be 4/(-6)*3/(-2). Suppose -3*x - l = -7. Suppose -x = -5*q + 3. Calculate the greatest common factor of q and 8.
1
Let s(t) = -2*t**3 + t**2 + 2*t + 2. Let v be s(-1). What is the greatest common factor of 33 and v?
3
Suppose 3*k - 101 + 11 = 0. Let u be (2 + 0)*(-18)/(-12). Calculate the highest common divisor of k and u.
3
Let q be -1*(0 - -1) + 15. Suppose 2*f - q = -3*r, -f = 3*r + 2*f - 9. Let n = 39 - 19. Calculate the highest common factor of r and n.
4
Let g be -2 + -1 + 36 - -7. Suppose 5*l = -2*x + 35, -3*l + 25 = -l + 3*x. What is the highest common divisor of g and l?
5
Let i(s) = s + 4. Let v be i(0). Suppose 4*m = 2*k - 0*k - 70, v*m + 4 = 0. What is the greatest common divisor of k and 11?
11
Let r = 19 + -8. What is the highest common divisor of 11 and r?
11
Let h = 22 + -22. Suppose -2*f - 92 = -4*d, 75 = -h*d + 3*d - 3*f. Calculate the highest common factor of 3 and d.
3
Suppose 0 = -5*i + 166 - 1. Suppose -4*t - k - 183 = 0, -5*t - 228 = -3*k + 4*k. Let c be t/(-4) - (-4)/(-16). What is the greatest common divisor of c and i?
11
Let t be ((-12)/3)/((-2)/(-7)). Let p be -1 - t - (0 - -1). Let c(j) = 2*j**3 - 7*j**2 + j + 4. Let f be c(5). Calculate the greatest common divisor of f and p.
12
Suppose 2*r - 124 = 32. Calculate the greatest common factor of 26 and r.
26
Let t be 1/5*298 - (-52)/130. Calculate the greatest common divisor of t and 20.
20
Suppose -29 - 75 = -13*c. Calculate the highest common divisor of c and 6.
2
Let i be 21*56/30*(-15)/(-6). Calculate the greatest common divisor of 14 and i.
14
Let p(u) = -u**3 - 5*u**2 + u + 7. Let j be p(-5). Let g be 104/10 + 4/(-10). Calculate the highest common factor of j and g.
2
Let x be 200*1 + -1 + -1. Let g = -282 + 304. Calculate the highest common factor of x and g.
22
Let n = 28 + -17. Suppose 4*r + 28 = -2*s - 0*s, 3*s = -2*r - 26. Let k = s + n. What is the greatest common divis